True
Is 11815530 a multiple of 30?
True
Does 3836 divide 9263344?
False
Is 34555101 a multiple of 49?
False
Is 311 a factor of 2998040?
True
Does 29 divide 8646741?
False
Does 6 divide 8596650?
True
Is 54576585 a multiple of 279?
True
Is 93 a factor of 1156645371?
True
Is 410 a factor of 252307226?
False
Is 103 a factor of 745376684?
False
Does 7 divide 1472408?
True
Is 4350379 a multiple of 36?
False
Is 1919281544 a multiple of 89?
False
Is 374859426 a multiple of 510?
False
Is 4 a factor of 77968268?
True
Is 726 a factor of 89502207?
False
Is 45987511 a multiple of 989?
True
Is 5 a factor of 2537022975?
True
Does 49 divide 57114782?
False
Is 228 a factor of 58358745?
False
Is 67284708 a multiple of 68?
True
Is 1679 a factor of 56197306?
False
Does 17 divide 104358447?
False
Does 19 divide 506304531?
False
Is 7347954 a multiple of 46?
False
Does 10 divide 242220798?
False
Is 132942422 a multiple of 101?
False
Does 411 divide 19818305?
False
Is 136 a factor of 152326607?
False
Is 1553 a factor of 12824674?
True
Is 9 a factor of 272634297?
False
Does 22 divide 3520352?
True
Does 32 divide 41322966?
False
Is 468750538 a multiple of 937?
False
Does 755 divide 72020006?
False
Does 49 divide 234554278?
True
Is 2743730 a multiple of 53?
False
Is 80 a factor of 185738880?
True
Is 109505470 a multiple of 1370?
True
Is 36434735 a multiple of 461?
False
Does 2 divide 5404631?
False
Does 25 divide 247233500?
True
Is 659 a factor of 25735268?
True
Is 8277617 a multiple of 430?
False
Is 420469075 a multiple of 85?
True
Is 737 a factor of 23569997?
True
Is 84218431 a multiple of 82?
False
Is 11377244 a multiple of 4?
True
Is 135370375 a multiple of 355?
True
Does 8019 divide 1518480030?
False
Is 2 a factor of 119927724?
True
Does 1992 divide 182963208?
True
Is 3251 a factor of 141083588?
False
Does 39 divide 26996541?
True
Is 6618178 a multiple of 25?
False
Does 390 divide 1218884160?
True
Does 412 divide 38280568?
True
Is 1952548210 a multiple of 1274?
False
Is 3626709 a multiple of 375?
False
Is 1028 a factor of 76379660?
False
Does 371 divide 502037580?
False
Is 105859800 a multiple of 23?
True
Does 168 divide 2114269?
False
Is 14280171 a multiple of 129?
True
Is 32471040 a multiple of 6?
True
Is 333474393 a multiple of 87?
True
Is 778213951 a multiple of 19?
True
Does 4493 divide 17792280?
True
Does 22 divide 45220621?
False
Does 369 divide 49348215?
True
Does 94 divide 1619714?
True
Is 2007 a factor of 3920146321?
False
Is 93640596 a multiple of 548?
True
Is 83 a factor of 23655164?
False
Is 330555973 even?
False
Is 3390 a factor of 1706037321?
False
Is 76 a factor of 16312109?
False
Is 267 a factor of 33572662?
False
Is 278 a factor of 57078682?
True
Does 31 divide 682383284?
True
Is 4 a factor of 30505300?
True
Is 173 a factor of 203967692?
True
Is 463 a factor of 1032845121?
True
Is 38047759 a multiple of 41?
False
Does 9 divide 1938303?
True
Does 15 divide 1306883430?
True
Does 177 divide 20984563?
False
Is 165 a factor of 2694945?
True
Does 45 divide 20700495?
True
Is 1345 a factor of 23536155?
True
Is 2094 a factor of 1015988147?
False
Is 1203964712 a multiple of 137?
False
Does 1188 divide 1604988?
True
Does 15 divide 98455860?
True
Does 78 divide 52420653?
False
Is 72614010 a multiple of 133?
True
Is 3348184616 a multiple of 14?
True
Is 1064577 a multiple of 3?
True
Is 115 a factor of 11815343?
False
Is 239798808 a multiple of 366?
True
Does 1165 divide 251212025?
False
Is 102 a factor of 83247402?
True
Does 23 divide 3066183?
False
Does 293 divide 292939642?
True
Is 10096 a factor of 2596600336?
True
Is 43062816 a multiple of 228?
True
Is 3156 a factor of 133165013?
False
Is 1746 a factor of 29086878?
False
Is 342 a factor of 154225242?
True
Does 197 divide 14168831?
True
Is 16620062 a multiple of 74?
False
Does 29 divide 28712506?
False
Is 11410742 a multiple of 14?
True
Is 331 a factor of 99460535?
True
Is 720 a factor of 423568568?
False
Does 786 divide 33306887?
False
Is 224536032 a multiple of 4116?
True
Is 51558848 a multiple of 176?
True
Is 568 a factor of 276367784?
True
Does 15 divide 14929448?
False
Is 383536208 a multiple of 22?
True
Does 83 divide 1607752512?
False
Is 1809 a factor of 118373724?
True
Is 1082029885 a multiple of 1066?
False
Is 47 a factor of 1287572256?
False
Is 6442 a factor of 7937368576?
True
Is 48 a factor of 1128660960?
True
Is 234731655 a multiple of 1305?
True
Is 48287842 a multiple of 447?
False
Is 29 a factor of 3935381635?
True
Is 112 a factor of 380980200?
False
Does 5617 divide 222772333?
False
Is 62931099 a multiple of 231?
True
Is 3010319964 a multiple of 12798?
True
Does 5956 divide 410517300?
True
Does 2092 divide 3098917256?
True
Is 350352 a multiple of 16?
True
Is 3284251776 a multiple of 117?
True
Is 303 a factor of 127780554?
True
Is 854 a factor of 48176194?
False
Is 3248529289 a multiple of 4713?
False
Does 147 divide 992426065?
False
Does 766 divide 3034017994?
True
Is 953148014 a multiple of 161?
True
Is 211 a factor of 147262597?
True
Does 2413 divide 347155897?
True
Is 26 a factor of 33270588?
True
Is 78989658 a multiple of 22?
True
Does 4 divide 19073969?
False
Does 12297 divide 2589573649?
False
Is 8709099 a multiple of 301?
False
Is 5734772 a multiple of 76?
False
Is 146421251 a multiple of 577?
True
Is 82938985 a multiple of 24?
False
Is 60867729 a multiple of 7?
False
Does 429 divide 13819294?
False
Is 7 a factor of 15610715?
False
Does 5413 divide 160966575?
False
Is 188834452 a multiple of 31?
False
Does 13 divide 1062396963?
False
Is 19 a factor of 4382635?
True
Does 11 divide 66451781?
True
Is 34 a factor of 186217978?
False
Is 4 a factor of 34347580?
True
Does 5 divide 50647546?
False
Does 50 divide 120199250?
True
Is 106 a factor of 55020890?
True
Does 29 divide 2073791?
False
Does 25 divide 558720850?
True
Is 2504 a factor of 1931152408?
True
Does 37 divide 49901239?
False
Does 32 divide 22635840?
True
Does 10 divide 281145845?
False
Does 2 divide 61453172?
True
Is 376838173 a multiple of 107?
False
Is 129448568 a multiple of 3?
False
Is 8 a factor of 1549406981?
False
Is 40251780 a multiple of 20?
True
Is 6169 a factor of 710286527?
False
Is 56 a factor of 19398232?
True
Does 133 divide 270376189?
False
Does 5 divide 129919530?
True
Does 1231 divide 975017839?
False
Is 151 a factor of 28770936?
True
Is 1321881219 a multiple of 87?
True
Is 679 a factor of 21428022?
False
Is 172 a factor of 493630174?
False
Does 3676 divide 1787852738?
False
Does 80 divide 69676880?
True
Does 5 divide 11417910?
True
Is 69300945 a multiple of 1855?
True
Is 3425 a factor of 875758016?
False
Does 8 divide 76323106?
False
Does 1157 divide 46264097?
False
Does 10 divide 57014270?
True
Is 99171396 a multiple of 1332?
True
Is 2240434519 a multiple of 5248?
False
Does 641 divide 35886385?
True
Does 875 divide 72479750?
True
Does 603 divide 84007548?
True
Is 284 a factor of 602104992?
True
Does 10 divide 5398330?
True
Is 8 a factor of 296824951?
False
Is 44086460 a multiple of 110?
True
Is 12 a factor of 6519930576?
True
Is 286 a factor of 30437836?
True
Does 5267 divide 3061115717?
False
Is 235326341 a multiple of 46?
False
Does 330 divide 29080823?
False
Is 113463879 a multiple of 27?
False
Is 1083738240 a multiple of 1412?
True
Is 94493369 a multiple of 981?
False
Does 320 divide 13354880?
True
Does 2077 divide 231078712?
True
Is 36 a factor of 26513421?
False
Is 10340 a factor of 1501013751?
False
Does 1518 divide 36652789?
False
Is 8836696 a multiple of 61?
False
Is 14 a factor of 1187284518?
True
Does 34 divide 447525096?
False
Is 4789070 a multiple of 8?
False
Is 55 a factor of 330427483?
False
Is 66232085 a multiple of 1649?
True
Does 966 divide 392001834?
True
Does 11 divide 259841897?
False
Is 9 a factor of 2299469?
False
Is 5743446800 a multiple of 10192?
True
Is 4720 a factor of 1246226320?
True
Does 291 divide 14417339?
False
Is 577044 a multiple of 81?
True
Is 1093 a factor of 44514611?
True
Is 1019 a factor of 95004427?
True
Is 50979321 a multiple of 5822?
False
Is 103391223 a multiple of 1861?
False
Is 1185 a factor of 297704303?
False
Is 6 a factor of 4062726?
True
Does 129 divide 6555334?
False
Is 2191569 a multiple of 451?
False
Is 49879299 a multiple of 24?
False
Does 132 divide 5